-26)?
197
Let t(q) = 5*q**2 - 158*q - 279. What is t(-2)?
57
Let t(q) = -3*q**3 + 12*q**2 + 1120*q - 3385. Calculate t(3).
2
Let l(u) = 2*u**2 + 332*u - 101378. What is l(157)?
44
Let i(y) = 526*y + 1743. Determine i(-4).
-361
Let u(w) = 152099*w - 2737831. What is u(18)?
-49
Let s(i) = 344*i - 103296. Give s(299).
-440
Let y(j) = 1127*j + 46201. Calculate y(-41).
-6
Let g(q) = -q**2 + 775*q - 149456. Determine g(414).
-2
Let i(r) = 16009*r + 128075. What is i(-8)?
3
Let i(p) = -17*p**2 + 203*p + 3. Determine i(11).
179
Let g(b) = -2440*b - 202459. Calculate g(-83).
61
Let g(t) = -t**3 - 13*t**2 + 22*t + 289. Calculate g(-14).
177
Let n(u) = -58261*u + 58201. What is n(1)?
-60
Let f(i) = -10*i**2 - 6526*i - 42645. What is f(-646)?
-9
Let n(d) = 5648*d + 1146466. Determine n(-203).
-78
Let m(x) = -x**3 - 47*x**2 + 1152*x + 56753. What is m(-38)?
-19
Let h(r) = -4*r**2 - 180*r - 738. Determine h(-40).
62
Let n(w) = -4*w**2 - 208*w - 1623. What is n(-48)?
-855
Let w(v) = 2771*v - 5497. Give w(2).
45
Let k(y) = -2*y**2 + 1349*y - 115514. What is k(574)?
-140
Let c(m) = -4367*m - 2620203. What is c(-600)?
-3
Let r(b) = 29209*b + 10632072. Give r(-364).
-4
Let k(u) = 8*u**2 - 4069*u - 106730. Determine k(-25).
-5
Let u(y) = -y**3 - 11*y**2 + 46*y - 1978. Determine u(-19).
36
Let u(c) = -c**2 + 138*c + 3786. Give u(162).
-102
Let y(b) = 21*b**2 - 3759*b + 11103. Calculate y(176).
15
Let k(f) = -7*f**3 - 58*f**2 - 32*f + 222. Give k(-7).
5
Let n(a) = -4600*a + 9239. Give n(2).
39
Let y(b) = -b**2 + 138*b + 2721. What is y(169)?
-2518
Let k(u) = -8*u**2 + 579*u + 6509. Give k(82).
195
Let c(z) = 7840*z - 133245. Calculate c(17).
35
Let d(j) = -j**3 + 13*j - 622. Give d(9).
-1234
Let u(s) = -3424*s + 1181289. Give u(345).
9
Let w(z) = -z**3 - 2*z**2 - 1109*z + 5711. What is w(5)?
-9
Let z(l) = 377*l - 10438. What is z(28)?
118
Let c(r) = 67*r**2 - 1166*r - 708. What is c(18)?
12
Let b(x) = -6*x**3 + 197*x**2 - 544*x + 943. What is b(30)?
-77
Let s(q) = -58*q**2 - 376*q + 4088. Calculate s(6).
-256
Let o(c) = -2430618*c - 1. What is o(0)?
-1
Let o(l) = 2*l**2 + 48318*l - 5144173. Determine o(106).
7
Let y(n) = -1717*n + 9295. Calculate y(5).
710
Let g(c) = -9268*c + 240921. Give g(26).
-47
Let g(i) = 52617*i - 368330. What is g(7)?
-11
Let w(l) = l**3 + l**2 + 32*l + 39. Calculate w(-7).
-479
Let c(r) = -4615*r - 1158363. What is c(-251)?
2
Let u(f) = 38843*f + 15226461. Give u(-392).
5
Let k(u) = 136*u - 1226. Calculate k(9).
-2
Let o(j) = -23603*j**2 + 141608*j + 69. Determine o(6).
9
Let a(z) = 6432*z + 148071. Give a(-23).
135
Let t(r) = -718*r + 242309. Calculate t(338).
-375
Let z(u) = 22*u**2 + 3864*u + 27209. Give z(-7).
1239
Let p(c) = c**3 + 24*c**2 + 462*c + 12120. Calculate p(-25).
-55
Let i(f) = 136*f + 12464. Give i(-59).
4440
Let k(c) = 3*c**3 + 1184*c**2 + 1968*c + 1184. Give k(-393).
5
Let t(m) = -55*m**3 + m**2 - 7784*m + 7784. What is t(1)?
-54
Let z(a) = -a**3 - 18*a**2 - 664*a - 10103. What is z(-16)?
9
Let i(l) = 3164*l - 161357. Give i(51).
7
Let z(w) = -w**2 + 174*w - 2405. What is z(15)?
-20
Let t(b) = 121774*b - 1217785. Calculate t(10).
-45
Let b(w) = -2*w**3 + 560*w**2 - 1510*w - 42110. Give b(277).
-6
Let z(y) = -y**2 + 889*y - 67. Give z(0).
-67
Let t(v) = -401*v + 65440. Give t(164).
-324
Let r(p) = 3*p**3 - 117*p**2 - 425*p + 7267. Determine r(41).
-72
Let w(z) = z**2 - 103*z + 3035. Give w(61).
473
Let k(m) = -m**3 + 35*m**2 - 418*m + 16364. Calculate k(36).
20
Let o(y) = 2248*y + 71936. Determine o(-32).
0
Let f(b) = b**3 + 40*b**2 - 270*b + 10. Give f(-46).
-266
Let l(g) = 127*g**2 - 18720*g + 7502. Determine l(147).
5
Let u(m) = -68*m - 175. Calculate u(-8).
369
Let d(c) = -8*c**2 - 2580*c - 33619. Calculate d(-13).
-1431
Let l(n) = 3864*n - 1093517. Calculate l(283).
-5
Let x(m) = m**3 + 104*m**2 - 830*m - 308. Calculate x(8).
220
Let x(r) = -r**3 - 168*r**2 - 359*r - 3424. Calculate x(-166).
1058
Let w(z) = -13*z**2 - 442*z + 178. Give w(-41).
-3553
Let d(a) = -7136*a + 1034720. Give d(145).
0
Let d(v) = -47*v**2 + 28*v - 1233. Give d(0).
-1233
Let g(l) = -l**3 + 64*l**2 - 674*l + 91. Give g(13).
-52
Let q(j) = j**3 + 7*j**2 + 14*j + 160. What is q(-8)?
-16
Let d(h) = h**3 - 26*h**2 - 789*h + 47. What is d(-18)?
-7
Let x(o) = 6*o**3 + 888*o**2 - 6*o - 717. What is x(-148)?
171
Let c(i) = 188675*i + 943336. What is c(-5)?
-39
Let i(k) = 24856*k + 3976944. Give i(-160).
-16
Let d(z) = -z**3 - 175*z**2 + 534*z - 155. Give d(-178).
-155
Let o(m) = -29492*m - 1710514. Determine o(-58).
22
Let h(y) = -18895*y + 207847. What is h(11)?
2
Let n(l) = l**3 - 26*l**2 - 27*l - 1731. Calculate n(29).
9
Let y(d) = -81844*d - 20. Determine y(0).
-20
Let g(j) = -2*j**2 - 3026*j - 53809. What is g(-18)?
11
Let r(o) = 79*o**2 - 2181*o - 23. What is r(28)?
845
Let t(i) = 16*i**2 + 112*i - 907. Give t(7).
661
Let k(h) = 170904*h - 40846058. Give k(239).
-2
Let i(v) = 361*v + 6527. Calculate i(-19).
-332
Let p(d) = -90*d**2 + 4772*d - 4818. Calculate p(52).
-34
Let j(k) = -5684*k - 903731. What is j(-159)?
25
Let j(v) = v**2 - 114*v + 174. Give j(103).
-959
Let k(p) = -p**3 - 149*p**2 - 747*p - 3303. Calculate k(-144).
585
Let q(i) = -22296*i - 111517. Give q(-5).
-37
Let n(z) = 5554*z - 133298. Determine n(24).
-2
Let n(t) = 943*t - 15818. Calculate n(16).
-730
Let k(d) = -27*d**2 + 484*d + 2397. Determine k(-5).
-698
Let g(p) = -13*p**2 + 790*p - 794. What is g(1)?
-17
Let i(c) = -6*c**3 + 138*c**2 - c - 17. What is i(23)?
-40
Let z(u) = -110715*u - 1439291. Determine z(-13).
4
Let a(f) = 67*f**3 + 17353*f**2 - 6*f - 1508. What is a(-259)?
46
Let w(j) = j**3 + 49*j**2 - 2886*j + 14783. What is w(-85)?
-7
Let w(y) = -44040*y - 1233109. What is w(-28)?
11
Let t(o) = -21317*o - 1961167. What is t(-92)?
-3
Let m(o) = -o**2 - 1362*o + 18096. What is m(13)?
221
Let p(l) = -2*l**3 - l**2 - 3188*l + 9631. Calculate p(3).
4
Let c(o) = -4*o**2 - 28879*o - 202014. What is c(-7)?
-57
Let v(s) = 929*s - 182091. Give v(196).
-7
Let w(a) = -42*a**2 - 166*a - 481. Determine w(-5).
-701
Let j(s) = s**2 - 1168*s + 52683. Calculate j(47).
-4
Let q(h) = -20*h**3 - 14*h**2 - 14*h - 35. Determine q(-3).
421
Let d(v) = 34*v**2 + 1228*v - 1817. Calculate d(-35).
-3147
Let m(y) = 3*y**3 - 5*y**2 - 11*y - 14. Determine m(4).
54
Let v(n) = 291*n + 12517. Give v(-44).
-287
Let t(r) = 3*r**2 + 2146*r + 4288. Determine t(-2).
8
Let q(i) = i**3 + 15*i - 290. Calculate q(6).
16
Let q(n) = n**2 + 1412*n - 255236. Calculate q(162).
-248
Let u(h) = 133*h - 3616. Determine u(27).
-25
Let g(c) = 1497*c - 16564. Calculate g(11).
-97
Let l(i) = -16*i**2 - 86*i + 1257. Calculate l(13).
-2565
Let b(i) = -2*i**3 - 151*i**2 + 1900*i + 3. What is b(11)?
-30
Let n(u) = -44839*u - 2107433. Determine n(-47).
0
Let c(k) = k**2 - 291*k - 9621. Determine c(322).
361
Let j(b) = -307*b - 1876. What is j(-6)?
-34
Let d(l) = -44*l**3 + 5*l**2 + 16*l - 2. Determine d(-1).
31
Let m(y) = y**3 - 137*y**2 - 1012*y - 147. Calculate m(144).
-723
Let k(j) = -249*j + 9025. Give k(36).
61
Let w(v) = -13*v**3 - 14*v**2 - 98*v - 217. Determine w(-2).
27
Let k(j) = -j**2 + 2452*j + 51600. Give k(-21).
-333
Let l(p) = -13*p**3 - 54*p**2 - 270*p + 251. Give l(-7).
3954
Let f(p) = 4*p**2 + 134*p + 925. Calculate f(-11).
-65
Let k(c) = -64439*c + 708836. What is k(11)?
7
Let h(l) = -2*l**3 - 328*l**2 + 20*l - 51150. Give h(-165).
0
Let x(w) = -5*w - 566. Give x(43).
-781
Let n(c) = c**3 + 5*c**2 - 48363*c - 241846. Determine n(-5).
-31
Let a(n) = n**3 + 280*n**2 - 288*n - 2007. What is a(-281)?
-40
Let c(q) = 2*q**3 - 84*q**2 + 605*q + 6208. Calculate c(24).
-8
Let p(r) = -210*r**2 - 8815*r - 11. Calculate p(-42).
-221
Let f(x) = -62*x**2 + 704*x - 1985. Determine f(6).
7
Let x(w) = -4291*w - 3192405. Calculate x(-744).
99
Let c(s) = -2008064*s - 5. Determine c(0).
-5
Let a(z) = -49694*z - 200944. What is a(-4)?
-2168
Let w(s) = 328*s - 4750. What is w(14)?
-158
Let p(z) = -6*z**3 - 134*z**2 + 289*z + 11. Calculate p(2).
5
Let c(h) = h**3 - 3*h**2 + 707*h - 6081. Calculate c(8).
-105
Let l(u) = 128*u + 5737. Calculate l(-55).
-1303
Let p(b) = 119*b + 6904. Calculate p(-56).
240
Let l(g) = 336*g**2 + 3336*g - 109. Give l(-10).
131
Let a(p) = -2*p**2 + 198*p - 1553. Determine a(9).
67
Let f(y) = 99*y + 